{"id":518,"date":"2017-04-19T17:48:26","date_gmt":"2017-04-19T15:48:26","guid":{"rendered":"https:\/\/www.andbank.com\/andorra\/?page_id=518\/"},"modified":"2021-04-13T12:53:10","modified_gmt":"2021-04-13T10:53:10","slug":"andsalut","status":"publish","type":"page","link":"https:\/\/www.andbank.com\/andorra\/particulares\/seguros\/andsalut\/","title":{"rendered":"AndSalut"},"content":{"rendered":"<h2>Asistencia Sanitaria AndSalut<\/h2>\n<p>Andbank Assegurances crea una cobertura vitalicia de asistencia sanitaria como complemento a AndVida con el objetivo de ofrecer un seguro de salud adaptado a sus necesidades y que responda a la realidad sanitaria.<\/p>\n<h2>Andbank Assegurances ofrece tres modalidades de AndSalut<\/h2>\n<ul>\n<li><strong>AndSalut<\/strong>: cobertura de todos los gastos concertados hasta el 100 % de las tarifas de responsabilidad de la CASS. Actos no concertaos con la CASS cobertura de hasta el 58 %.<\/li>\n<li><strong>AndSalut \u00d3ptima<\/strong>: Adem\u00e1s de las coberturas AndSalut, cubre actos no incluidos por la CASS, como las pr\u00f3tesis dentales, \u00f3ptica o sesiones de quiropr\u00e1ctica y osteopat\u00eda.<\/li>\n<li><strong>AndSalut Plus<\/strong>: cobertura de hasta el 100 % de los gastos reales que no cubre la CASS, con plena libertad de elecci\u00f3n de m\u00e9dicos y hospitales, sin l\u00edmite geogr\u00e1fico o de especialidad.<\/li>\n<\/ul>\n<p>Con nuevas prestaciones y las mejores condiciones para que no tenga ninguna duda en contratarlas.<\/p>\n<h2>Baja Laboral<\/h2>\n<p>Garantiza apoyo econ\u00f3mico en caso de baja laboral por causa de una enfermedad o accidente, tanto para asalariados como para trabajadores por cuenta propia.<\/p>\n<p>Si quiere conocer m\u00e1s sobre AndSalut, haga clic <a href=\"https:\/\/www.andbank.com\/andorra\/wp-content\/uploads\/sites\/10\/2017\/04\/Diptic-Andsalut-2020-JULIOL.pdf\" target=\"_blank\" rel=\"noopener\"><b>aqu\u00ed<\/b><\/a><\/p>\n<p>Consulte con su gestor o con Andbank Assegurances, tel. +376 881 965, cualquier duda o informaci\u00f3n que necesite.<\/p>\n","protected":false},"excerpt":{"rendered":"<p>Su seguro en buenas manos<\/p>\n","protected":false},"author":1,"featured_media":4476,"parent":512,"menu_order":97,"comment_status":"closed","ping_status":"closed","template":"template-detail.php","meta":{"_acf_changed":false,"footnotes":""},"yst_prominent_words":[4168,4180,107,4159,4163,4176,4175,4166,4167,4164,4179,4178,4177,4171,4165],"class_list":["post-518","page","type-page","status-publish","has-post-thumbnail","hentry"],"acf":[],"_links":{"self":[{"href":"https:\/\/www.andbank.com\/andorra\/wp-json\/wp\/v2\/pages\/518"}],"collection":[{"href":"https:\/\/www.andbank.com\/andorra\/wp-json\/wp\/v2\/pages"}],"about":[{"href":"https:\/\/www.andbank.com\/andorra\/wp-json\/wp\/v2\/types\/page"}],"author":[{"embeddable":true,"href":"https:\/\/www.andbank.com\/andorra\/wp-json\/wp\/v2\/users\/1"}],"replies":[{"embeddable":true,"href":"https:\/\/www.andbank.com\/andorra\/wp-json\/wp\/v2\/comments?post=518"}],"version-history":[{"count":0,"href":"https:\/\/www.andbank.com\/andorra\/wp-json\/wp\/v2\/pages\/518\/revisions"}],"up":[{"embeddable":true,"href":"https:\/\/www.andbank.com\/andorra\/wp-json\/wp\/v2\/pages\/512"}],"wp:featuredmedia":[{"embeddable":true,"href":"https:\/\/www.andbank.com\/andorra\/wp-json\/wp\/v2\/media\/4476"}],"wp:attachment":[{"href":"https:\/\/www.andbank.com\/andorra\/wp-json\/wp\/v2\/media?parent=518"}],"wp:term":[{"taxonomy":"yst_prominent_words","embeddable":true,"href":"https:\/\/www.andbank.com\/andorra\/wp-json\/wp\/v2\/yst_prominent_words?post=518"}],"curies":[{"name":"wp","href":"https:\/\/api.w.org\/{rel}","templated":true}]}}