{"id":13105,"date":"2021-06-02T01:02:45","date_gmt":"2021-06-01T20:02:45","guid":{"rendered":"https:\/\/www.andbank.com\/brasil\/?page_id=13105"},"modified":"2021-06-02T01:20:05","modified_gmt":"2021-06-01T20:20:05","slug":"formulario-dados-pessoais","status":"publish","type":"page","link":"https:\/\/www.andbank.com\/brasil\/formulario-dados-pessoais\/","title":{"rendered":"Formul\u00e1rio de Dados Pessoais"},"content":{"rendered":"<p>Para exercer os seus direitos de titular de dados pessoais descritos na nossa <a href=\"https:\/\/www.andbank.com\/brasil\/politica-privacidade-e-cookies\/\">Pol\u00edtica de Privacidade e Cookies<\/a>\u00a0e fazer uma solicita\u00e7\u00e3o relacionada ao tratamento de seus dados sob as disposi\u00e7\u00f5es da Lei Geral de Prote\u00e7\u00e3o de Dados (LGPD), preencha o formul\u00e1rio abaixo.\u00a0Todas as requisi\u00e7\u00f5es ser\u00e3o gratuitas e submetidas a valida\u00e7\u00e3o de identidade do solicitante.<\/p>\n<p>&nbsp;<\/p>\n","protected":false},"excerpt":{"rendered":"<p>Para exercer os seus direitos de titular de dados pessoais descritos na nossa Pol\u00edtica de Privacidade e Cookies\u00a0e fazer uma solicita\u00e7\u00e3o relacionada ao tratamento de seus dados sob as disposi\u00e7\u00f5es da Lei Geral de Prote\u00e7\u00e3o de Dados (LGPD), preencha o formul\u00e1rio abaixo.\u00a0Todas as requisi\u00e7\u00f5es ser\u00e3o gratuitas e submetidas a valida\u00e7\u00e3o de identidade do solicitante. &nbsp;<\/p>\n","protected":false},"author":14,"featured_media":186,"parent":0,"menu_order":0,"comment_status":"closed","ping_status":"closed","template":"","meta":{"_acf_changed":false,"footnotes":""},"yst_prominent_words":[],"class_list":["post-13105","page","type-page","status-publish","has-post-thumbnail","hentry"],"acf":[],"_links":{"self":[{"href":"https:\/\/www.andbank.com\/brasil\/wp-json\/wp\/v2\/pages\/13105"}],"collection":[{"href":"https:\/\/www.andbank.com\/brasil\/wp-json\/wp\/v2\/pages"}],"about":[{"href":"https:\/\/www.andbank.com\/brasil\/wp-json\/wp\/v2\/types\/page"}],"author":[{"embeddable":true,"href":"https:\/\/www.andbank.com\/brasil\/wp-json\/wp\/v2\/users\/14"}],"replies":[{"embeddable":true,"href":"https:\/\/www.andbank.com\/brasil\/wp-json\/wp\/v2\/comments?post=13105"}],"version-history":[{"count":0,"href":"https:\/\/www.andbank.com\/brasil\/wp-json\/wp\/v2\/pages\/13105\/revisions"}],"wp:featuredmedia":[{"embeddable":true,"href":"https:\/\/www.andbank.com\/brasil\/wp-json\/wp\/v2\/media\/186"}],"wp:attachment":[{"href":"https:\/\/www.andbank.com\/brasil\/wp-json\/wp\/v2\/media?parent=13105"}],"wp:term":[{"taxonomy":"yst_prominent_words","embeddable":true,"href":"https:\/\/www.andbank.com\/brasil\/wp-json\/wp\/v2\/yst_prominent_words?post=13105"}],"curies":[{"name":"wp","href":"https:\/\/api.w.org\/{rel}","templated":true}]}}