{"id":7769,"date":"2020-01-09T01:28:52","date_gmt":"2020-01-08T20:28:52","guid":{"rendered":"https:\/\/www.andbank.com\/brasil\/?page_id=7769"},"modified":"2020-01-09T01:30:51","modified_gmt":"2020-01-08T20:30:51","slug":"fundos-de-investimento","status":"publish","type":"page","link":"https:\/\/www.andbank.com\/brasil\/fundos-de-investimento\/","title":{"rendered":"FUNDOS DE INVESTIMENTO"},"content":{"rendered":"<h2>O que s\u00e3o fundos de investimento?<\/h2>\n<p>&nbsp;<\/p>\n<p>Os fundos de investimentos s\u00e3o ve\u00edculos de investimento coletivo, constitu\u00eddos na forma de condom\u00ednio, formados pela reuni\u00e3o de recursos de diversos investidores que aplicam em conjunto.<br \/>\nO patrim\u00f4nio, portanto, pertence a v\u00e1rias pessoas, chamadas de cotistas.<\/p>\n<p>&nbsp;<\/p>\n<h2>O que s\u00e3o cotas?<\/h2>\n<p>&nbsp;<\/p>\n<p>Cada investidor \u00e9 dono de uma fra\u00e7\u00e3o do patrim\u00f4nio do fundo e \u00e9 remunerado conforme o tamanho de seu investimento.\u00a0Essas fra\u00e7\u00f5es s\u00e3o chamadas de cotas, que s\u00e3o proporcionais aos valores investidos por cada cotista.<\/p>\n<p>&nbsp;<\/p>\n<h2>Objetivo<\/h2>\n<p>&nbsp;<\/p>\n<p>Todo fundo possui seu regulamento pr\u00f3prio, que deve ser lido com aten\u00e7\u00e3o antes do investimento. Independente das diferen\u00e7as entre si, todos os fundos de investimento t\u00eam o objetivo de captar recursos junto a um grupo de investidores e aplicar esse dinheiro nos mercados financeiro e de capitais.<\/p>\n<p>&nbsp;<\/p>\n<h2>Atores<\/h2>\n<p>&nbsp;<\/p>\n<p>Os Fundos s\u00e3o entidades com CNPJ pr\u00f3prio e independente de seus prestadores de servi\u00e7os, que auxiliam no seu funcionamento: a gestora, a administradora e , custodiante, e o distribuidor.<\/p>\n<p>&nbsp;<\/p>\n<ul>\n<li>A <strong>gestora<\/strong> \u00e9 quem decide onde investir os recursos do fundo e a parcela do patrim\u00f4nio destinada a cada ativo, de acordo com uma estrat\u00e9gia de investimentos.<\/li>\n<\/ul>\n<p>&nbsp;<\/p>\n<ul>\n<li>J\u00e1 o <strong>custodiante<\/strong> \u00e9 a institui\u00e7\u00e3o respons\u00e1vel por guardar os ativos que comp\u00f5em a carteira do fundo e por suas movimenta\u00e7\u00f5es financeiras.<\/li>\n<\/ul>\n<p>&nbsp;<\/p>\n<ul>\n<li>O <strong>distribuidor<\/strong> \u00e9 a institui\u00e7\u00e3o que distribui os fundos aos potenciais investidores, captando os recursos e vendendo as cotas aos interessados.<\/li>\n<\/ul>\n<p>&nbsp;<\/p>\n<ul>\n<li>A <strong>administradora<\/strong> se responsabiliza pelo funcionamento e manuten\u00e7\u00e3o do fundo, pela representa\u00e7\u00e3o do mesmo perante terceiros e ainda por aspectos como o c\u00e1lculo do valor da cota e das despesas, os aportes e os resgates.<\/li>\n<\/ul>\n<p>&nbsp;<\/p>\n<h2>Fiscaliza\u00e7\u00e3o<\/h2>\n<p>&nbsp;<\/p>\n<p>Todo tipo de fundo de investimento \u00e9 acompanhado e fiscalizado pela Comiss\u00e3o de Valores Mobili\u00e1rios.<\/p>\n<p>&nbsp;<\/p>\n<p>No site da CVM (http:\/\/www.cvm.gov.br\/), o investidor pode acessar a carteira, os documentos relacionados aos fundos e os relat\u00f3rios emitidos obrigatoriamente pelos fundos.<\/p>\n<p>&nbsp;<\/p>\n<h2>Tipos de Fundos de Investimentos<\/h2>\n<p>&nbsp;<\/p>\n<p>Os fundos podem ser abertos e fechados.<\/p>\n<p>&nbsp;<\/p>\n<p>Os fundos <strong>abertos<\/strong> permitem o resgate de cotas pelos cotistas conforme estabelecido em seu regulamento, bem como a entrada de novos cotistas e o aumento da participa\u00e7\u00e3o dos antigos a qualquer momento.<\/p>\n<p>&nbsp;<\/p>\n<p>Nos fundos fechados, as cotas somente s\u00e3o resgatadas ao t\u00e9rmino do prazo de dura\u00e7\u00e3o do fundo que, por sua vez, n\u00e3o permitem a entrada e a sa\u00edda de cotistas livremente.<\/p>\n<p>&nbsp;<\/p>\n<p>Ao serem constitu\u00eddos, eles abrem um per\u00edodo para a capta\u00e7\u00e3o de recursos.<\/p>\n<p>&nbsp;<\/p>\n<h2>Taxas<\/h2>\n<p>&nbsp;<\/p>\n<p>Para investir em um fundo de investimento, h\u00e1 a cobran\u00e7a de <strong>taxa de administra\u00e7\u00e3o<\/strong>, correspondente a um percentual do dinheiro investido.<\/p>\n<p>&nbsp;<\/p>\n<p>Alguns fundos podem cobrar uma <strong>taxa de performance<\/strong>, um percentual sobre a rentabilidade do fundo que excede um indicador de refer\u00eancia, o benchmark.<\/p>\n<p>&nbsp;<\/p>\n<p>H\u00e1 ainda<strong> taxas de entrada e sa\u00edda<\/strong> para alguns casos.<\/p>\n<p>&nbsp;<\/p>\n<h2>Imposto<\/h2>\n<p>&nbsp;<\/p>\n<p>Os fundos de investimentos est\u00e3o sujeitos \u00e0 cobran\u00e7a do Imposto de Renda, com incid\u00eancia do famigerado come-cotas (que antecipa o recolhimento a cada seis meses) nos fundos abertos, exceto no caso dos que possuem incentivos tribut\u00e1rios.<\/p>\n<p>&nbsp;<\/p>\n<p>H\u00e1, ainda, a cobran\u00e7a do IOF para resgates realizados antes do prazo de 30 dias da aplica\u00e7\u00e3o.<\/p>\n<p>&nbsp;<\/p>\n<h2>Fundo Garantidor de Cr\u00e9ditos (FGC)<\/h2>\n<p>&nbsp;<\/p>\n<p>O Fundo Garantidor de Cr\u00e9ditos (FGC) \u00e9 uma entidade privada sem fins lucrativos, mantido com recursos das institui\u00e7\u00f5es financeiras cujo objetivo \u00e9 manter a estabilidade do Sistema Financeiro Nacional.<\/p>\n<p>&nbsp;<\/p>\n<p>O FGC garante certos tipos de dep\u00f3sitos feitos em institui\u00e7\u00f5es financeiras, reembolsando os depositantes em caso de quebra da institui\u00e7\u00e3o, interven\u00e7\u00e3o ou liquida\u00e7\u00e3o extrajudicial.<\/p>\n<p>&nbsp;<\/p>\n<p>O FGC foi criado em 1995 e \u00e9 a garantia de ativos da renda fixa, como a poupan\u00e7a, os CDBs, as LCIs e LCAs.<\/p>\n<p>&nbsp;<\/p>\n<p>Ele garante a prote\u00e7\u00e3o de at\u00e9 R$ 250 mil por CPF em cada institui\u00e7\u00e3o financeira ou conglomerado financeiro emissor.<\/p>\n<p>&nbsp;<\/p>\n<p>Se o investimento for maior a esse valor, o restante dever\u00e1 ser buscado judicialmente.<\/p>\n<p>&nbsp;<\/p>\n<p>Para ter a garantia do FGC, a orienta\u00e7\u00e3o \u00e9 dividir os investimentos em diferentes institui\u00e7\u00f5es.<\/p>\n<p>&nbsp;<\/p>\n<p>Por exemplo, em casos de contas conjuntas, o valor da garantia \u00e9 limitado ao teto do fundo, ou ao saldo da conta, mesmo que seja conjunta.<\/p>\n<p>&nbsp;<\/p>\n<p>Quando o valor a ser resgatado \u00e9 inferior a esse limite, dividido pelo n\u00famero de titulares, o cr\u00e9dito do valor garantido ser\u00e1 feito de forma individual.<\/p>\n<p>&nbsp;<\/p>\n<p>Caso haja fus\u00e3o\/incorpora\u00e7\u00e3o de institui\u00e7\u00f5es, o FGC garante a prote\u00e7\u00e3o dos valores caso n\u00e3o haja possibilidade de resgate antes da mudan\u00e7a do regime.<\/p>\n<p>&nbsp;<\/p>\n<p>Em caso de disponibilidade dos recursos para resgate, a cobertura ser\u00e1 tratada como se fosse apenas uma institui\u00e7\u00e3o.<\/p>\n<p>&nbsp;<\/p>\n<p>Havendo a aplica\u00e7\u00e3o do FGC, o pagamento aos credores se inicia entre 10 e 15 dias.<\/p>\n<p>&nbsp;<\/p>\n<p>&nbsp;<\/p>\n<h2>Fundos de Investimento vs FGC<\/h2>\n<p>&nbsp;<\/p>\n<p>Fundos de investimento n\u00e3o t\u00eam prote\u00e7\u00e3o do FGC, o Fundo Garantidor de Cr\u00e9dito, que protege aplica\u00e7\u00f5es em caso de quebra do banco emissor.<\/p>\n<p>&nbsp;<\/p>\n<p>Mesmo assim, n\u00e3o s\u00e3o afetados pela fal\u00eancia de uma institui\u00e7\u00e3o financeira, j\u00e1 que seu patrim\u00f4nio n\u00e3o se mistura.<\/p>\n<p>&nbsp;<\/p>\n<p>Em caso de problemas financeiros, a administra\u00e7\u00e3o do fundo pode ser trocada para outro banco ap\u00f3s a decis\u00e3o dos cotistas reunidos em assembleia geral.<\/p>\n<p>&nbsp;<\/p>\n<p>Dessa forma, o risco se restringe aos investimentos (e seus retornos) tomados pelo fundo, e n\u00e3o pelo cr\u00e9dito da institui\u00e7\u00e3o financeira que oferece esse produto.<\/p>\n<p>&nbsp;<\/p>\n<p>A decis\u00e3o dos fundos deixarem de ter prote\u00e7\u00e3o do FGC aconteceu em fevereiro de 2016, ap\u00f3s uma reuni\u00e3o do Conselho Monet\u00e1rio Nacional (CMN) do Banco Central.<\/p>\n<p>&nbsp;<\/p>\n<p>At\u00e9 ent\u00e3o, a pergunta \u201cfundos tem prote\u00e7\u00e3o do FGC\u201d recebia outra resposta.<\/p>\n<p>&nbsp;<\/p>\n<p>A justificativa para a nova resolu\u00e7\u00e3o foi de que o FGC deve proteger apenas os pequenos investidores.<\/p>\n<p>&nbsp;<\/p>\n<p>J\u00e1 para aplica\u00e7\u00f5es maiores a R$ 250 mil, o governo entende que elas s\u00e3o feitas por profissionais do mercado financeiro que sabem avaliar os riscos de cada investimento.<\/p>\n","protected":false},"excerpt":{"rendered":"<p>O que s\u00e3o fundos de investimento? &nbsp; Os fundos de investimentos s\u00e3o ve\u00edculos de investimento coletivo, constitu\u00eddos na forma de condom\u00ednio, formados pela reuni\u00e3o de recursos de diversos investidores que aplicam em conjunto. O patrim\u00f4nio, portanto, pertence a v\u00e1rias pessoas, chamadas de cotistas. &nbsp; O que s\u00e3o cotas? &nbsp; Cada investidor \u00e9 dono de uma [&hellip;]<\/p>\n","protected":false},"author":14,"featured_media":7771,"parent":0,"menu_order":0,"comment_status":"closed","ping_status":"closed","template":"","meta":{"_acf_changed":false,"footnotes":""},"yst_prominent_words":[2391,505,2360,208,2396,888,543,2395,2386,2385,712,729,2372,2382,2388,2387,772,238,2394,2389],"class_list":["post-7769","page","type-page","status-publish","has-post-thumbnail","hentry"],"acf":[],"_links":{"self":[{"href":"https:\/\/www.andbank.com\/brasil\/wp-json\/wp\/v2\/pages\/7769"}],"collection":[{"href":"https:\/\/www.andbank.com\/brasil\/wp-json\/wp\/v2\/pages"}],"about":[{"href":"https:\/\/www.andbank.com\/brasil\/wp-json\/wp\/v2\/types\/page"}],"author":[{"embeddable":true,"href":"https:\/\/www.andbank.com\/brasil\/wp-json\/wp\/v2\/users\/14"}],"replies":[{"embeddable":true,"href":"https:\/\/www.andbank.com\/brasil\/wp-json\/wp\/v2\/comments?post=7769"}],"version-history":[{"count":0,"href":"https:\/\/www.andbank.com\/brasil\/wp-json\/wp\/v2\/pages\/7769\/revisions"}],"wp:featuredmedia":[{"embeddable":true,"href":"https:\/\/www.andbank.com\/brasil\/wp-json\/wp\/v2\/media\/7771"}],"wp:attachment":[{"href":"https:\/\/www.andbank.com\/brasil\/wp-json\/wp\/v2\/media?parent=7769"}],"wp:term":[{"taxonomy":"yst_prominent_words","embeddable":true,"href":"https:\/\/www.andbank.com\/brasil\/wp-json\/wp\/v2\/yst_prominent_words?post=7769"}],"curies":[{"name":"wp","href":"https:\/\/api.w.org\/{rel}","templated":true}]}}