{"id":7960,"date":"2020-01-23T20:24:51","date_gmt":"2020-01-23T15:24:51","guid":{"rendered":"https:\/\/www.andbank.com\/brasil\/?page_id=7960"},"modified":"2020-01-23T20:29:34","modified_gmt":"2020-01-23T15:29:34","slug":"melhor-ministro-e-brasileiro","status":"publish","type":"page","link":"https:\/\/www.andbank.com\/brasil\/melhor-ministro-e-brasileiro\/","title":{"rendered":"Porque o melhor ministro \u00e9 brasileiro?"},"content":{"rendered":"<p>Em outubro do ano passado, a revista brit\u00e2nica <em>Global Markets<\/em> escolheu Paulo Guedes como o melhor ministro do mundo. As raz\u00f5es que explicam essa distin\u00e7\u00e3o s\u00e3o os v\u00e1rios indicadores da economia brasileira, como explica Alex Fuste, economista-chefe global do Andbank.<\/p>\n<p>&nbsp;<\/p>\n<p>Fuste destaca, entre outros, o crescimento do PIB, cujas previs\u00f5es v\u00eam melhorando desde o final de 2019 e agora est\u00e3o acima de 2,3%. Al\u00e9m disso, ele relaciona:<\/p>\n<p>&nbsp;<\/p>\n<ul>\n<li>Os impactos na economia real da agenda de reformas e do controle da infla\u00e7\u00e3o j\u00e1 come\u00e7am a ser sentidos, o que pode ser comprovado pela expans\u00e3o de setores-chave, como o imobili\u00e1rio e a ind\u00fastria extrativista.<\/li>\n<li>A possibilidade de outros segmentos industriais terem um aumento moderado este ano, se a taxa de juros permanecer baixa.<\/li>\n<li>Logo ap\u00f3s a reforma da previd\u00eancia, a economia registrou aumento de 0,6%, o que influenciou positivamente a confian\u00e7a da popula\u00e7\u00e3o sobre a recupera\u00e7\u00e3o econ\u00f4mica.<\/li>\n<li>A infla\u00e7\u00e3o se mant\u00e9m controlada, como prova o \u00faltimo relat\u00f3rio Focus, mostrando que o consenso para 2020 fica entre 3,56% e 3,58%.<\/li>\n<\/ul>\n<p>&nbsp;<\/p>\n<p>Entretanto, o economista-chefe global do Andbank alerta que a manuten\u00e7\u00e3o da alta taxa de desemprego pode provocar frustra\u00e7\u00e3o social, \u201cembora n\u00e3o vejamos esse risco em 2020\u201d.<\/p>\n<p>&nbsp;<\/p>\n<p>Fuste tamb\u00e9m se pergunta se o primeiro ano do governo do presidente Jair Bolsonaro foi um sucesso ou um fracasso. Ele come\u00e7a ressaltando que as pesquisas de aprova\u00e7\u00e3o do presidente estabilizaram em 40% e atribui o \u00edndice \u00e0s melhorias lentas, mas constantes, da economia e \u00e0 aprova\u00e7\u00e3o da reforma da previd\u00eancia pelo Congresso, refor\u00e7ada por pequenos est\u00edmulos no emprego. O economista-chefe do Andbank destacou ainda:<\/p>\n<p>&nbsp;<\/p>\n<ul>\n<li>A abordagem direta de Bolsonaro ao crime \u2013 que, de acordo com as estat\u00edsticas oficiais, caiu drasticamente \u2013 colabora para a confian\u00e7a de l\u00edderes empresariais e investidores estrangeiros no renascimento econ\u00f4mico.<\/li>\n<li>O presidente conseguiu manter la\u00e7os econ\u00f4micos fortes com seus dois maiores parceiros econ\u00f4micos: China e Estados Unidos.<\/li>\n<li>As elei\u00e7\u00f5es municipais v\u00e3o ser um bom term\u00f4metro da posi\u00e7\u00e3o do presidente em n\u00edvel nacional. Pesquisas mostram que Lula \u00e9 o \u00fanico s\u00e9rio desafio de Bolsonaro, o que mostra a fragilidade da oposi\u00e7\u00e3o.<\/li>\n<li>O presidente \u00e9 hoje um forte candidato \u00e0 reelei\u00e7\u00e3o em 2022, apesar de suas declara\u00e7\u00f5es ofensivas, seu hist\u00f3rico de julgamento ruim e de seus muitos cr\u00edticos.<\/li>\n<\/ul>\n<p>&nbsp;<\/p>\n<p>Fuste avalia que o novo \u201cimpulso para as reformas adicionais neste ano \u00e9 favor\u00e1vel para a economia e para os ativos financeiros\u201d. Outros fatores positivos s\u00e3o:<\/p>\n<ul>\n<li>A garantia do ministro Paulo Guedes que as reformas administrativa e tribut\u00e1ria devem ser enviadas ao Congresso at\u00e9 o in\u00edcio de fevereiro.<\/li>\n<li>O parlamento mant\u00e9m a disposi\u00e7\u00e3o de continuar apoiando a agenda de reformas. Mas o consenso geral \u00e9 que quase tudo ser\u00e1 aprovado at\u00e9 2021 porque as elei\u00e7\u00f5es municiais de outubro devem interferir no cronograma.<\/li>\n<\/ul>\n<p>&nbsp;<\/p>\n<p><strong>O impacto nas aloca\u00e7\u00f5es de ativos<\/strong><\/p>\n<p>&nbsp;<\/p>\n<p>O CIO do Andbank Brasil, Rodrigo Octavio Marques de Almeida, complementa a an\u00e1lise de Fuste, lembrando que o Congresso Nacional, apesar da pequena base de apoio de Bolsonaro, \u00e9 reformista. E diz que o que \u201ctraz mais volatilidade para o mercado \u00e9 o risco pol\u00edtico\u201d, que diminui com a agenda de reformas do ministro da Economia. \u201cElas precisam de consolida\u00e7\u00e3o fiscal, capaz de manter os juros baixos\u201d, avalia.<\/p>\n<p>&nbsp;<\/p>\n<p>Com isso, o impacto na aloca\u00e7\u00e3o de ativos \u00e9 o aumento da volatilidade em 2020, bem como a tend\u00eancia de ampliar as a\u00e7\u00f5es e cr\u00e9dito estruturado nas carteiras. \u00c9 por isso que o CIO do Andbank Brasil diz que \u201cneste ano, mesmo os portfolios mais conservadores v\u00e3o precisar incluir renda vari\u00e1vel\u201d.<\/p>\n","protected":false},"excerpt":{"rendered":"<p>Em outubro do ano passado, a revista brit\u00e2nica Global Markets escolheu Paulo Guedes como o melhor ministro do mundo. As raz\u00f5es que explicam essa distin\u00e7\u00e3o s\u00e3o os v\u00e1rios indicadores da economia brasileira, como explica Alex Fuste, economista-chefe global do Andbank. &nbsp; Fuste destaca, entre outros, o crescimento do PIB, cujas previs\u00f5es v\u00eam melhorando desde o [&hellip;]<\/p>\n","protected":false},"author":14,"featured_media":7962,"parent":0,"menu_order":0,"comment_status":"closed","ping_status":"closed","template":"","meta":{"_acf_changed":false,"footnotes":""},"yst_prominent_words":[2021,2420,2413,2410,207,596,1331,63,62,2414,2415,2417,2411,2409,1379,2418,2412,2416,1327,1325],"class_list":["post-7960","page","type-page","status-publish","has-post-thumbnail","hentry"],"acf":[],"_links":{"self":[{"href":"https:\/\/www.andbank.com\/brasil\/wp-json\/wp\/v2\/pages\/7960"}],"collection":[{"href":"https:\/\/www.andbank.com\/brasil\/wp-json\/wp\/v2\/pages"}],"about":[{"href":"https:\/\/www.andbank.com\/brasil\/wp-json\/wp\/v2\/types\/page"}],"author":[{"embeddable":true,"href":"https:\/\/www.andbank.com\/brasil\/wp-json\/wp\/v2\/users\/14"}],"replies":[{"embeddable":true,"href":"https:\/\/www.andbank.com\/brasil\/wp-json\/wp\/v2\/comments?post=7960"}],"version-history":[{"count":0,"href":"https:\/\/www.andbank.com\/brasil\/wp-json\/wp\/v2\/pages\/7960\/revisions"}],"wp:featuredmedia":[{"embeddable":true,"href":"https:\/\/www.andbank.com\/brasil\/wp-json\/wp\/v2\/media\/7962"}],"wp:attachment":[{"href":"https:\/\/www.andbank.com\/brasil\/wp-json\/wp\/v2\/media?parent=7960"}],"wp:term":[{"taxonomy":"yst_prominent_words","embeddable":true,"href":"https:\/\/www.andbank.com\/brasil\/wp-json\/wp\/v2\/yst_prominent_words?post=7960"}],"curies":[{"name":"wp","href":"https:\/\/api.w.org\/{rel}","templated":true}]}}

Porque o melhor ministro é brasileiro?

<p>Em outubro do ano passado, a revista britânica <em>Global Markets</em> escolheu Paulo Guedes como o melhor ministro do mundo. As razões que explicam essa distinção são os vários indicadores da economia brasileira, como explica Alex Fuste, economista-chefe global do Andbank.</p>
<p>&nbsp;</p>
<p>Fuste destaca, entre outros, o crescimento do PIB, cujas previsões vêm melhorando desde o final de 2019 e agora estão acima de 2,3%. Além disso, ele relaciona:</p>
<p>&nbsp;</p>
<ul>
<li>Os impactos na economia real da agenda de reformas e do controle da inflação já começam a ser sentidos, o que pode ser comprovado pela expansão de setores-chave, como o imobiliário e a indústria extrativista.</li>
<li>A possibilidade de outros segmentos industriais terem um aumento moderado este ano, se a taxa de juros permanecer baixa.</li>
<li>Logo após a reforma da previdência, a economia registrou aumento de 0,6%, o que influenciou positivamente a confiança da população sobre a recuperação econômica.</li>
<li>A inflação se mantém controlada, como prova o último relatório Focus, mostrando que o consenso para 2020 fica entre 3,56% e 3,58%.</li>
</ul>
<p>&nbsp;</p>
<p>Entretanto, o economista-chefe global do Andbank alerta que a manutenção da alta taxa de desemprego pode provocar frustração social, “embora não vejamos esse risco em 2020”.</p>
<p>&nbsp;</p>
<p>Fuste também se pergunta se o primeiro ano do governo do presidente Jair Bolsonaro foi um sucesso ou um fracasso. Ele começa ressaltando que as pesquisas de aprovação do presidente estabilizaram em 40% e atribui o índice às melhorias lentas, mas constantes, da economia e à aprovação da reforma da previdência pelo Congresso, reforçada por pequenos estímulos no emprego. O economista-chefe do Andbank destacou ainda:</p>
<p>&nbsp;</p>
<ul>
<li>A abordagem direta de Bolsonaro ao crime – que, de acordo com as estatísticas oficiais, caiu drasticamente – colabora para a confiança de líderes empresariais e investidores estrangeiros no renascimento econômico.</li>
<li>O presidente conseguiu manter laços econômicos fortes com seus dois maiores parceiros econômicos: China e Estados Unidos.</li>
<li>As eleições municipais vão ser um bom termômetro da posição do presidente em nível nacional. Pesquisas mostram que Lula é o único sério desafio de Bolsonaro, o que mostra a fragilidade da oposição.</li>
<li>O presidente é hoje um forte candidato à reeleição em 2022, apesar de suas declarações ofensivas, seu histórico de julgamento ruim e de seus muitos críticos.</li>
</ul>
<p>&nbsp;</p>
<p>Fuste avalia que o novo “impulso para as reformas adicionais neste ano é favorável para a economia e para os ativos financeiros”. Outros fatores positivos são:</p>
<ul>
<li>A garantia do ministro Paulo Guedes que as reformas administrativa e tributária devem ser enviadas ao Congresso até o início de fevereiro.</li>
<li>O parlamento mantém a disposição de continuar apoiando a agenda de reformas. Mas o consenso geral é que quase tudo será aprovado até 2021 porque as eleições municiais de outubro devem interferir no cronograma.</li>
</ul>
<p>&nbsp;</p>
<p><strong>O impacto nas alocações de ativos</strong></p>
<p>&nbsp;</p>
<p>O CIO do Andbank Brasil, Rodrigo Octavio Marques de Almeida, complementa a análise de Fuste, lembrando que o Congresso Nacional, apesar da pequena base de apoio de Bolsonaro, é reformista. E diz que o que “traz mais volatilidade para o mercado é o risco político”, que diminui com a agenda de reformas do ministro da Economia. “Elas precisam de consolidação fiscal, capaz de manter os juros baixos”, avalia.</p>
<p>&nbsp;</p>
<p>Com isso, o impacto na alocação de ativos é o aumento da volatilidade em 2020, bem como a tendência de ampliar as ações e crédito estruturado nas carteiras. É por isso que o CIO do Andbank Brasil diz que “neste ano, mesmo os portfolios mais conservadores vão precisar incluir renda variável”.</p>

<p>Em outubro do ano passado, a revista britânica Global Markets escolheu Paulo Guedes como o melhor ministro do mundo. As razões que explicam essa distinção são os vários indicadores da economia brasileira, como explica Alex Fuste, economista-chefe global do Andbank. &nbsp; Fuste destaca, entre outros, o crescimento do PIB, cujas previsões vêm melhorando desde o [&hellip;]</p>
