{"id":1207,"date":"2017-07-11T13:47:04","date_gmt":"2017-07-11T11:47:04","guid":{"rendered":"https:\/\/www.andbank.com\/lxb\/sobre-nosotros\/ceo-welcome-letter\/"},"modified":"2021-02-01T16:52:54","modified_gmt":"2021-02-01T14:52:54","slug":"le-luxembourg-en-chiffres","status":"publish","type":"page","link":"https:\/\/www.andbank.com\/luxembourg\/qui-sommes-nous\/le-luxembourg-en-chiffres\/","title":{"rendered":"Le Luxembourg en chiffres"},"content":{"rendered":"<p>Andbank Luxembourg est une entit\u00e9 financi\u00e8re disposant d\u2019une licence bancaire compl\u00e8te au Luxembourg et r\u00e9glement\u00e9e par la CSSF. Situ\u00e9 au c\u0153ur de l\u2019Union europ\u00e9enne, le Luxembourg a d\u00e9velopp\u00e9 une industrie financi\u00e8re de premier plan soutenue par sa stabilit\u00e9 sociale et politique ainsi que par la solvabilit\u00e9 et la croissance de son \u00e9conomie.<\/p>\n<p>La banque a \u00e9t\u00e9 fond\u00e9e en 2010, un an seulement apr\u00e8s l\u2019implantation d\u2019Andbank Group au Grand-duch\u00e9, dans le but d\u2019offrir une gamme de produits et services de haute qualit\u00e9 aux particuliers et institutions financi\u00e8res fortun\u00e9s. Aujourd\u2019hui, nous op\u00e9rons dans l\u2019un des centres financiers les plus dynamiques, innovants et flexibles du monde et nous servons plus de 1 000 clients d\u2019Europe et d\u2019Am\u00e9rique latine.<\/p>\n<p>Le banquier priv\u00e9 est au c\u0153ur de notre proposition de valeur. Leur exp\u00e9rience et leurs capacit\u00e9s sont mises au service de nos clients qui sont accompagn\u00e9s et suivis en permanence \u00e0 travers leur relation avec Andbank. Notre \u00e9quipe sp\u00e9cialis\u00e9e de banquiers priv\u00e9s a une vocation de service et vise \u00e0 offrir \u00e0 nos clients des solutions financi\u00e8res sur mesure et \u00e0 valeur ajout\u00e9e.<\/p>\n<p>&nbsp;<\/p>\n<p>&nbsp;<\/p>\n<p><img loading=\"lazy\" decoding=\"async\" class=\"alignnone size-full wp-image-3285\" src=\"https:\/\/www.andbank.com\/lxb\/wp-content\/uploads\/sites\/24\/2017\/07\/grafico_01-ADBANK_FR.png\" alt=\"andbank-en-ciffres-louxembourg\" width=\"1200\" height=\"425\" \/><\/p>\n<p>&nbsp;<\/p>\n<p><img loading=\"lazy\" decoding=\"async\" class=\"alignnone size-full wp-image-3272\" src=\"https:\/\/www.andbank.com\/lxb\/wp-content\/uploads\/sites\/24\/2017\/07\/nos_valeurs_luxembourg-1.png\" alt=\"nos_valeurs_luxembourg\" width=\"1180\" height=\"454\" srcset=\"https:\/\/www.andbank.com\/luxembourg\/wp-content\/uploads\/sites\/24\/2017\/07\/nos_valeurs_luxembourg-1.png 1180w, https:\/\/www.andbank.com\/luxembourg\/wp-content\/uploads\/sites\/24\/2017\/07\/nos_valeurs_luxembourg-1-768x295.png 768w\" sizes=\"(max-width: 1180px) 100vw, 1180px\" \/><\/p>\n","protected":false},"excerpt":{"rendered":"<p>Andbank Luxembourg is a financial entity with full banking license in Luxembourg and regulated by the CSSF.<\/p>\n","protected":false},"author":1,"featured_media":358,"parent":1205,"menu_order":0,"comment_status":"closed","ping_status":"closed","template":"template-detail.php","meta":{"_acf_changed":false,"footnotes":""},"yst_prominent_words":[19,472,918,915,139,919,917,683,183,186,719,208,184,916,287,301,913,912,233,920],"class_list":["post-1207","page","type-page","status-publish","has-post-thumbnail","hentry"],"acf":[],"_links":{"self":[{"href":"https:\/\/www.andbank.com\/luxembourg\/wp-json\/wp\/v2\/pages\/1207"}],"collection":[{"href":"https:\/\/www.andbank.com\/luxembourg\/wp-json\/wp\/v2\/pages"}],"about":[{"href":"https:\/\/www.andbank.com\/luxembourg\/wp-json\/wp\/v2\/types\/page"}],"author":[{"embeddable":true,"href":"https:\/\/www.andbank.com\/luxembourg\/wp-json\/wp\/v2\/users\/1"}],"replies":[{"embeddable":true,"href":"https:\/\/www.andbank.com\/luxembourg\/wp-json\/wp\/v2\/comments?post=1207"}],"version-history":[{"count":0,"href":"https:\/\/www.andbank.com\/luxembourg\/wp-json\/wp\/v2\/pages\/1207\/revisions"}],"up":[{"embeddable":true,"href":"https:\/\/www.andbank.com\/luxembourg\/wp-json\/wp\/v2\/pages\/1205"}],"wp:featuredmedia":[{"embeddable":true,"href":"https:\/\/www.andbank.com\/luxembourg\/wp-json\/wp\/v2\/media\/358"}],"wp:attachment":[{"href":"https:\/\/www.andbank.com\/luxembourg\/wp-json\/wp\/v2\/media?parent=1207"}],"wp:term":[{"taxonomy":"yst_prominent_words","embeddable":true,"href":"https:\/\/www.andbank.com\/luxembourg\/wp-json\/wp\/v2\/yst_prominent_words?post=1207"}],"curies":[{"name":"wp","href":"https:\/\/api.w.org\/{rel}","templated":true}]}}