{"id":1444,"date":"2017-04-19T09:56:44","date_gmt":"2017-04-19T07:56:44","guid":{"rendered":"https:\/\/www.andbank.com\/mcco\/informacion-legal\/cumplimiento-normativo\/"},"modified":"2019-04-11T10:24:48","modified_gmt":"2019-04-11T08:24:48","slug":"cadre-reglementaire","status":"publish","type":"page","link":"https:\/\/www.andbank.com\/monaco\/informations-legales\/cadre-reglementaire\/","title":{"rendered":"Cadre r\u00e8glementaire"},"content":{"rendered":"<h2>CADRE R\u00c9GLEMENTAIRE ET AUTORIT\u00c9S DE CONTR\u00d4LE \u00c0 MONACO<\/h2>\n<p>&nbsp;<br \/>\nLa Principaut\u00e9 de Monaco dispose d\u2019un cadre r\u00e9glementaire pr\u00e9cis, rigoureux et moderne qui r\u00e9git les activit\u00e9s des acteurs de sa place bancaire et financi\u00e8re.<br \/>\nCe dispositif r\u00e9glementaire et la l\u00e9gislation bancaire mon\u00e9gasque, qui s\u2019appliquent aux \u00e9tablissements de cr\u00e9dit install\u00e9s \u00e0 Monaco, sont exigeants et comparables aux meilleurs standards internationaux et europ\u00e9ens. Ils concourent \u00e0 conf\u00e9rer un niveau de s\u00e9curit\u00e9 et de protection \u00e9lev\u00e9 aux clients et aux investisseurs recourant aux services des \u00e9tablissements actifs en Principaut\u00e9.<br \/>\nLes activit\u00e9s des \u00e9tablissements de cr\u00e9dit install\u00e9s \u00e0 Monaco, comme ANDBANK MONACO SAM, sont ainsi directement supervis\u00e9es par divers r\u00e9gulateurs et autorit\u00e9s de contr\u00f4le.<\/p>\n<ul>\n<li>La d\u00e9livrance des agr\u00e9ments bancaires et la supervision des activit\u00e9s bancaires sont assur\u00e9es par l\u2019Autorit\u00e9 de Contr\u00f4le Prudentiel et de R\u00e9solution (<strong>ACPR<\/strong>), le r\u00e9gulateur bancaire fran\u00e7ais.<\/li>\n<li>Les activit\u00e9s d\u2019investissement (r\u00e9ception \/ transmission d\u2019ordres, conseil en investissement, gestion sous mandat discr\u00e9tionnaire et gestion d\u2019instruments collectifs) ainsi que la protection de l\u2019investisseur rel\u00e8vent de la comp\u00e9tence de la Commission de Contr\u00f4le des Activit\u00e9s Financi\u00e8res (<strong>CCAF<\/strong>), autorit\u00e9 de contr\u00f4le mon\u00e9gasque qui d\u00e9livre les agr\u00e9ments en la mati\u00e8re et assure la supervision de ces activit\u00e9s.<\/li>\n<li>La lutte contre le blanchiment de capitaux, le financement du terrorisme et la corruption est r\u00e9gie par la l\u00e9gislation mon\u00e9gasque qui se conforme aux normes et aux standards les plus exigeants dont le respect est surveill\u00e9 par divers organismes internationaux (GAFI, Moneyval, Greco, \u2026). Cette mati\u00e8re est plac\u00e9e sous le contr\u00f4le et la supervision du r\u00e9gulateur local mon\u00e9gasque, le Service d\u2019Information et de Contr\u00f4le sur les Circuits Financiers (<strong>SICCFIN<\/strong> \u2013 <a href=\"https:\/\/www.andbank.com\/monaco\/informations-legales\/prevention-du-blanchiment-capitaux\" target=\"_blank\" rel=\"noopener noreferrer\">voir ci-apr\u00e8s<\/a>). <\/li>\n<li>La protection des informations nominatives, notamment des clients, est plac\u00e9e sous l\u2019\u00e9gide de la Commission de Contr\u00f4le des Informations Nominatives (<strong>CCIN<\/strong>), autorit\u00e9 administrative mon\u00e9gasque ind\u00e9pendante de protection des donn\u00e9es personnelles.<\/li>\n<p>En outre, la protection des d\u00e9p\u00f4ts des clients et des investisseurs est \u00e9galement renforc\u00e9e par l\u2019adh\u00e9sion d\u2019ANDBANK MONACO SAM au Fonds de Garantie des D\u00e9p\u00f4ts et de R\u00e9solution (<strong>FGDR<\/strong> \u2013 <a href=\"https:\/\/www.andbank.com\/monaco\/informations-legales\/fgdr\" target=\"_blank\" rel=\"noopener noreferrer\">voir ci-apr\u00e8s<\/a>).\n<\/ul>\n<p>Enfin, il existe en Principaut\u00e9 une obligation de respect du secret professionnel, qui s\u2019applique au secteur bancaire, sous peine de sanctions p\u00e9nales en cas d\u2019infraction (<strong>Article 308 du Code p\u00e9nal<\/strong>).<\/p>\n","protected":false},"excerpt":{"rendered":"<p>CADRE R\u00c9GLEMENTAIRE ET AUTORIT\u00c9S DE CONTR\u00d4LE \u00c0 MONACO &nbsp; La Principaut\u00e9 de Monaco dispose d\u2019un cadre r\u00e9glementaire pr\u00e9cis, rigoureux et moderne qui r\u00e9git les activit\u00e9s des acteurs de sa place bancaire et financi\u00e8re. Ce dispositif r\u00e9glementaire et la l\u00e9gislation bancaire mon\u00e9gasque, qui s\u2019appliquent aux \u00e9tablissements de cr\u00e9dit install\u00e9s \u00e0 Monaco, sont exigeants et comparables aux [&hellip;]<\/p>\n","protected":false},"author":1,"featured_media":186,"parent":1442,"menu_order":48,"comment_status":"closed","ping_status":"closed","template":"template-info-detail.php","meta":{"_acf_changed":false,"footnotes":""},"yst_prominent_words":[1431,1427,615,1428,672,1430,679,661,1433,673,663,677,667,37,1429,611,613,1281,1432,670],"class_list":["post-1444","page","type-page","status-publish","has-post-thumbnail","hentry"],"acf":[],"_links":{"self":[{"href":"https:\/\/www.andbank.com\/monaco\/wp-json\/wp\/v2\/pages\/1444"}],"collection":[{"href":"https:\/\/www.andbank.com\/monaco\/wp-json\/wp\/v2\/pages"}],"about":[{"href":"https:\/\/www.andbank.com\/monaco\/wp-json\/wp\/v2\/types\/page"}],"author":[{"embeddable":true,"href":"https:\/\/www.andbank.com\/monaco\/wp-json\/wp\/v2\/users\/1"}],"replies":[{"embeddable":true,"href":"https:\/\/www.andbank.com\/monaco\/wp-json\/wp\/v2\/comments?post=1444"}],"version-history":[{"count":0,"href":"https:\/\/www.andbank.com\/monaco\/wp-json\/wp\/v2\/pages\/1444\/revisions"}],"up":[{"embeddable":true,"href":"https:\/\/www.andbank.com\/monaco\/wp-json\/wp\/v2\/pages\/1442"}],"wp:featuredmedia":[{"embeddable":true,"href":"https:\/\/www.andbank.com\/monaco\/wp-json\/wp\/v2\/media\/186"}],"wp:attachment":[{"href":"https:\/\/www.andbank.com\/monaco\/wp-json\/wp\/v2\/media?parent=1444"}],"wp:term":[{"taxonomy":"yst_prominent_words","embeddable":true,"href":"https:\/\/www.andbank.com\/monaco\/wp-json\/wp\/v2\/yst_prominent_words?post=1444"}],"curies":[{"name":"wp","href":"https:\/\/api.w.org\/{rel}","templated":true}]}}