{"id":1852,"date":"2017-04-05T12:14:04","date_gmt":"2017-04-05T10:14:04","guid":{"rendered":"https:\/\/www.andbank.com\/mcco\/banque-privee\/nuestros-servicios\/gestion-discrecional\/"},"modified":"2021-02-16T12:19:51","modified_gmt":"2021-02-16T10:19:51","slug":"gestion-discretionnaire","status":"publish","type":"page","link":"https:\/\/www.andbank.com\/monaco\/banque-privee\/nos-services\/gestion-discretionnaire\/","title":{"rendered":"Gestion Discr\u00e9tionnaire"},"content":{"rendered":"<h2>Gestion personnalis\u00e9e<\/h2>\n<ul>\n<li>Les portefeuilles de nos clients sont g\u00e9r\u00e9s par une \u00e9quipe d\u00e9di\u00e9e de professionnels des march\u00e9s financiers. Notre \u00e9quipe d\u2019experts s\u00e9lectionne les investissements les plus adapt\u00e9s au profil de nos clients.<\/li>\n<li>Les allocations des portefeuilles sont adapt\u00e9es et ajust\u00e9es en permanence, en fonction des conditions de march\u00e9s.<\/li>\n<\/ul>\n<h2><\/h2>\n<h2>Gestion absolute return<\/h2>\n<p>Nous g\u00e9rons les portefeuilles de nos clients selon une optique tr\u00e8s conservatrice, avec un objectif permanent de pr\u00e9servation du capital. Nous cherchons ainsi \u00e0 obtenir la meilleure rentabilit\u00e9 dans un contexte de volatilit\u00e9 mod\u00e9r\u00e9e. Cette strat\u00e9gie de gestion implique une grande flexibilit\u00e9 dans le choix des investissements, nos g\u00e9rants pouvant ainsi proc\u00e9der, \u00e0 tout moment, \u00e0 des arbitrages en termes d\u2019allocations d\u2019actifs, en fonction de leur propre vision des march\u00e9s.<\/p>\n<h2><\/h2>\n<h2>Gestion directionnelle ou traditionnelle<\/h2>\n<p>Dans le cadre d\u2019une gestion directionnelle ou traditionnelle, les portefeuilles de nos clients sont g\u00e9r\u00e9s selon une allocation dynamique, utilisant toutes les classes d\u2019actifs, sur l\u2019ensemble des zones g\u00e9ographiques et des secteurs.<\/p>\n<p>Les actifs ainsi investis dans les portefeuilles sont sensibles aux mouvements financiers et leurs performances sont d\u00e9pendantes des \u00e9volutions de march\u00e9s. La strat\u00e9gie appliqu\u00e9e par nos g\u00e9rants vise \u00e0 maintenir le meilleur \u00e9quilibre possible dans les choix d\u2019investissement, en fonction du profil de risque de l\u2019investisseur, afin de maximiser le rapport rendement\/risque sur le long terme.<\/p>\n","protected":false},"excerpt":{"rendered":"<p>Nous g\u00e9rons de mani\u00e8re personnalis\u00e9e le patrimoine de nos clients avec une ind\u00e9pendance absolue, en mesurant et en contr\u00f4lant \u00e0 tout moment le niveau de risque et les attentes de rentabilit\u00e9 qui peuvent \u00eatre attendues.<\/p>\n","protected":false},"author":1,"featured_media":3506,"parent":1851,"menu_order":60,"comment_status":"closed","ping_status":"closed","template":"template-detail.php","meta":{"_acf_changed":false,"footnotes":""},"yst_prominent_words":[50,462,458,47,295,455,461,459,48,60,457,456,23,460,454,465,463,453,464,54],"class_list":["post-1852","page","type-page","status-publish","has-post-thumbnail","hentry"],"acf":[],"_links":{"self":[{"href":"https:\/\/www.andbank.com\/monaco\/wp-json\/wp\/v2\/pages\/1852"}],"collection":[{"href":"https:\/\/www.andbank.com\/monaco\/wp-json\/wp\/v2\/pages"}],"about":[{"href":"https:\/\/www.andbank.com\/monaco\/wp-json\/wp\/v2\/types\/page"}],"author":[{"embeddable":true,"href":"https:\/\/www.andbank.com\/monaco\/wp-json\/wp\/v2\/users\/1"}],"replies":[{"embeddable":true,"href":"https:\/\/www.andbank.com\/monaco\/wp-json\/wp\/v2\/comments?post=1852"}],"version-history":[{"count":0,"href":"https:\/\/www.andbank.com\/monaco\/wp-json\/wp\/v2\/pages\/1852\/revisions"}],"up":[{"embeddable":true,"href":"https:\/\/www.andbank.com\/monaco\/wp-json\/wp\/v2\/pages\/1851"}],"wp:featuredmedia":[{"embeddable":true,"href":"https:\/\/www.andbank.com\/monaco\/wp-json\/wp\/v2\/media\/3506"}],"wp:attachment":[{"href":"https:\/\/www.andbank.com\/monaco\/wp-json\/wp\/v2\/media?parent=1852"}],"wp:term":[{"taxonomy":"yst_prominent_words","embeddable":true,"href":"https:\/\/www.andbank.com\/monaco\/wp-json\/wp\/v2\/yst_prominent_words?post=1852"}],"curies":[{"name":"wp","href":"https:\/\/api.w.org\/{rel}","templated":true}]}}