{"id":1856,"date":"2017-04-04T13:20:11","date_gmt":"2017-04-04T11:20:11","guid":{"rendered":"https:\/\/www.andbank.com\/mcco\/banque-privee\/gestion-de-patrimonios\/"},"modified":"2021-09-14T17:04:22","modified_gmt":"2021-09-14T15:04:22","slug":"gestion-patrimoniale","status":"publish","type":"page","link":"https:\/\/www.andbank.com\/monaco\/banque-privee\/gestion-patrimoniale\/","title":{"rendered":"Gestion patrimoniale"},"content":{"rendered":"<p>Nous sommes conscients que le succ\u00e8s de notre gestion repose fondamentalement sur la connaissance du profil investisseur de nos clients et sur la proposition de solutions de placement innovantes et comp\u00e9titives.<\/p>\n<p>En qualit\u00e9 de Banque Priv\u00e9e, nous aspirons \u00e0 accompagner nos clients dans la gestion de la globalit\u00e9 de leurs avoirs. Nous proc\u00e9dons pour cela \u00e0 une analyse approfondie de leur situation pour leur proposer des solutions compl\u00e8tes en vue de l\u2019organisation, la gestion ou encore la transmission de leur patrimoine.<\/p>\n<h2>Notre philosophie<\/h2>\n<p>Depuis sa cr\u00e9ation en 1930, Andbank se consacre exclusivement \u00e0 la gestion de patrimoines priv\u00e9s en basant sa philosophie d\u2019investissement sur la pr\u00e9servation du capital et l\u2019optimisation des meilleurs rendements, par profils de risque, sur le moyen et long terme.<\/p>\n<p><strong>Ces plus de 85 ans d\u2019exp\u00e9rience nous ont permis d\u2019am\u00e9liorer progressivement notre style de gestion, fond\u00e9 sur une m\u00e9thodologie propre qui comprend 5 phases d\u2019action\u00a0:<\/strong><\/p>\n<p><strong>Nos 85 ann\u00e9es d\u2019exp\u00e9rience nous ont permis d\u2019affiner au fil du temps notre strat\u00e9gie de gestion, selon une m\u00e9thodologie pr\u00e9cise :<\/strong><\/p>\n<ul>\n<li>\u00c9tude minutieuse du profil et des besoins du client<\/li>\n<li>D\u00e9finition de ses objectifs en mati\u00e8re de gestion<\/li>\n<li>\u00c9laboration et d\u00e9finition de sa strat\u00e9gie d\u2019investissement<\/li>\n<li>Ex\u00e9cution et mise en \u0153uvre des d\u00e9cisions prises<\/li>\n<li>Suivi et contr\u00f4le des r\u00e9sultats<\/li>\n<\/ul>\n<h2>Votre patrimoine<\/h2>\n<p>Les collaborateurs d&rsquo;Andbank s\u2019attachent \u00e0 approfondir la relation qui les lie \u00e0 leurs clients et ils s\u2019investissent, pour cela, \u00e0 les accompagner dans l\u2019organisation globale de leur patrimoine, selon les strat\u00e9gies les plus adapt\u00e9es \u00e0 leurs besoins.<\/p>\n<ol>\n<li><strong>La gestion de portefeuille et la gestion patrimoniale sur mesure.<\/strong>\u00a0Compos\u00e9es de professionnels sp\u00e9cialis\u00e9s, les \u00e9quipes d&rsquo;Andbank sont en mesure d\u2019accompagner leurs clients en fonction de leur situation patrimoniale personnelle, au-del\u00e0 des stricts sujets financiers.<br \/>\nChaque client est unique. Par cons\u00e9quent, il est particuli\u00e8rement important de d\u00e9finir de mani\u00e8re singuli\u00e8re la planification patrimoniale de chacun, selon ses particularit\u00e9s.<\/li>\n<li><strong>L\u2019optimisation financi\u00e8re et fiscale.\u00a0<\/strong>\u00a0Pour vous accompagner dans votre organisation personnelle, Andbank dispose d\u2019une \u00e9quipe de sp\u00e9cialistes en ing\u00e9nierie patrimoniale en mesure de vous guider dans un environnement juridique et fiscal en perp\u00e9tuel mouvement.<\/li>\n<li><strong>La planification successorale pour s\u2019adapter \u00e0 la situation sp\u00e9cifique de chaque client.<\/strong>\u00a0Nos \u00e9quipes sp\u00e9cialis\u00e9es analysent la structuration globale du patrimoine familial, priv\u00e9 ou professionnel de nos clients, afin d\u2019en optimiser la d\u00e9tention, la gestion, et la transmission, en tenant compte du contexte juridique qui les entoure.<\/li>\n<\/ol>\n","protected":false},"excerpt":{"rendered":"<p>Nous sommes conscients que le succ\u00e8s de notre gestion repose fondamentalement sur la connaissance du profil investisseur de nos clients et sur la proposition de solutions de placement innovantes et comp\u00e9titives. <\/p>\n","protected":false},"author":1,"featured_media":6413,"parent":1373,"menu_order":69,"comment_status":"closed","ping_status":"closed","template":"template-detail.php","meta":{"_acf_changed":false,"footnotes":""},"yst_prominent_words":[1735,1733,435,1265,50,1768,296,48,1762,1749,448,1780,577,1732,1775,1755,65,1266,1739,1752],"class_list":["post-1856","page","type-page","status-publish","has-post-thumbnail","hentry"],"acf":[],"_links":{"self":[{"href":"https:\/\/www.andbank.com\/monaco\/wp-json\/wp\/v2\/pages\/1856"}],"collection":[{"href":"https:\/\/www.andbank.com\/monaco\/wp-json\/wp\/v2\/pages"}],"about":[{"href":"https:\/\/www.andbank.com\/monaco\/wp-json\/wp\/v2\/types\/page"}],"author":[{"embeddable":true,"href":"https:\/\/www.andbank.com\/monaco\/wp-json\/wp\/v2\/users\/1"}],"replies":[{"embeddable":true,"href":"https:\/\/www.andbank.com\/monaco\/wp-json\/wp\/v2\/comments?post=1856"}],"version-history":[{"count":0,"href":"https:\/\/www.andbank.com\/monaco\/wp-json\/wp\/v2\/pages\/1856\/revisions"}],"up":[{"embeddable":true,"href":"https:\/\/www.andbank.com\/monaco\/wp-json\/wp\/v2\/pages\/1373"}],"wp:featuredmedia":[{"embeddable":true,"href":"https:\/\/www.andbank.com\/monaco\/wp-json\/wp\/v2\/media\/6413"}],"wp:attachment":[{"href":"https:\/\/www.andbank.com\/monaco\/wp-json\/wp\/v2\/media?parent=1856"}],"wp:term":[{"taxonomy":"yst_prominent_words","embeddable":true,"href":"https:\/\/www.andbank.com\/monaco\/wp-json\/wp\/v2\/yst_prominent_words?post=1856"}],"curies":[{"name":"wp","href":"https:\/\/api.w.org\/{rel}","templated":true}]}}