{"id":3128,"date":"2018-05-21T19:11:54","date_gmt":"2018-05-21T17:11:54","guid":{"rendered":"https:\/\/www.andbank.com\/mnc\/?page_id=3128"},"modified":"2023-10-04T20:15:09","modified_gmt":"2023-10-04T18:15:09","slug":"fgdr","status":"publish","type":"page","link":"https:\/\/www.andbank.com\/monaco\/informations-legales\/fgdr\/","title":{"rendered":"FGDR"},"content":{"rendered":"<h2>LE FONDS de GARANTIE des DEPOTS et de RESOLUTION (FGDR)<\/h2>\n<p>&nbsp;<br \/>\nNotre \u00e9tablissement adh\u00e8re au Fonds de Garantie des D\u00e9p\u00f4ts et de R\u00e9solution (FGDR) cr\u00e9\u00e9 par la Loi fran\u00e7aise du 25 juin 1999.<\/p>\n<p>Ce fonds est charg\u00e9 de prot\u00e9ger et d\u2019indemniser les d\u00e9posants et investisseurs pour leurs d\u00e9p\u00f4ts et leurs titres en cas de d\u00e9claration de faillite de leur \u00e9tablissement bancaire ou financier, et d\u2019indisponibilit\u00e9 de leurs avoirs. <\/p>\n<p>La garantie du FGDR couvre, sous certaines conditions et dans certaines limites, les d\u00e9p\u00f4ts d\u2019esp\u00e8ces et les d\u00e9p\u00f4ts de titres des clients \u00e9ligibles \u00e0 sa couverture ainsi que les engagements de cautions r\u00e9glementaires d\u00e9livr\u00e9s obligatoirement par un \u00e9tablissement bancaire ou financier en faveur de professionnels sous conditions des plafonds et franchises pr\u00e9vus par la r\u00e9glementation. Le FGDR peut intervenir \u00e9galement en R\u00e9solution de crise avant faillite, pour \u00e9viter les cons\u00e9quences dommageables de telles situations pour les clients.<\/p>\n<p>Charg\u00e9 d\u2019une mission d\u2019int\u00e9r\u00eat g\u00e9n\u00e9ral, le FGDR prot\u00e8ge ainsi les clients en cas de d\u00e9faillance de leur \u00e9tablissement. En s\u00e9curisant les avoirs de la client\u00e8le, il contribue \u00e0 entretenir la confiance et la stabilit\u00e9 du syst\u00e8me bancaire.<\/p>\n<p>Pour plus d\u2019information \u00e0 ce sujet, nous vous invitons \u00e0 t\u00e9l\u00e9charger la brochure d\u2019information ci-jointe et \u00e0 consulter le site du <strong>FGDR<\/strong> : <a href=\"https:\/\/www.garantiedesdepots.fr\" target=\"_blank\" rel=\"noopener noreferrer\">www.garantiedesdepots.fr<\/a><\/p>\n<li> <a href=\"https:\/\/www.andbank.com\/monaco\/wp-content\/uploads\/sites\/20\/2023\/10\/01-FGDR-Plaquette_Explicative-2023_Janvier-FR_web.pdf\" target=\"_blank\" rel=\"noopener noreferrer\">Acc\u00e9der \u00e0 la brochure de pr\u00e9sentation du FGDR et de ses couvertures (FR)<\/a><\/li>\n","protected":false},"excerpt":{"rendered":"<p>LE FONDS de GARANTIE des DEPOTS et de RESOLUTION (FGDR) &nbsp; Notre \u00e9tablissement adh\u00e8re au Fonds de Garantie des D\u00e9p\u00f4ts et de R\u00e9solution (FGDR) cr\u00e9\u00e9 par la Loi fran\u00e7aise du 25 juin 1999. Ce fonds est charg\u00e9 de prot\u00e9ger et d\u2019indemniser les d\u00e9posants et investisseurs pour leurs d\u00e9p\u00f4ts et leurs titres en cas de d\u00e9claration [&hellip;]<\/p>\n","protected":false},"author":13,"featured_media":0,"parent":1442,"menu_order":0,"comment_status":"closed","ping_status":"closed","template":"template-info-detail.php","meta":{"_acf_changed":false,"footnotes":""},"yst_prominent_words":[1449,615,649,1452,1445,50,1450,730,712,1442,709,644,1447,1448,511,655,1443,1444,1446],"class_list":["post-3128","page","type-page","status-publish","hentry"],"acf":[],"_links":{"self":[{"href":"https:\/\/www.andbank.com\/monaco\/wp-json\/wp\/v2\/pages\/3128"}],"collection":[{"href":"https:\/\/www.andbank.com\/monaco\/wp-json\/wp\/v2\/pages"}],"about":[{"href":"https:\/\/www.andbank.com\/monaco\/wp-json\/wp\/v2\/types\/page"}],"author":[{"embeddable":true,"href":"https:\/\/www.andbank.com\/monaco\/wp-json\/wp\/v2\/users\/13"}],"replies":[{"embeddable":true,"href":"https:\/\/www.andbank.com\/monaco\/wp-json\/wp\/v2\/comments?post=3128"}],"version-history":[{"count":3,"href":"https:\/\/www.andbank.com\/monaco\/wp-json\/wp\/v2\/pages\/3128\/revisions"}],"predecessor-version":[{"id":6956,"href":"https:\/\/www.andbank.com\/monaco\/wp-json\/wp\/v2\/pages\/3128\/revisions\/6956"}],"up":[{"embeddable":true,"href":"https:\/\/www.andbank.com\/monaco\/wp-json\/wp\/v2\/pages\/1442"}],"wp:attachment":[{"href":"https:\/\/www.andbank.com\/monaco\/wp-json\/wp\/v2\/media?parent=3128"}],"wp:term":[{"taxonomy":"yst_prominent_words","embeddable":true,"href":"https:\/\/www.andbank.com\/monaco\/wp-json\/wp\/v2\/yst_prominent_words?post=3128"}],"curies":[{"name":"wp","href":"https:\/\/api.w.org\/{rel}","templated":true}]}}